{"id":589,"date":"2016-10-19T12:37:28","date_gmt":"2016-10-19T10:37:28","guid":{"rendered":"http:\/\/jo12.de\/?page_id=589"},"modified":"2020-01-26T10:29:13","modified_gmt":"2020-01-26T09:29:13","slug":"saal-alt","status":"publish","type":"page","link":"https:\/\/musiculum.de\/index.php\/saal-alt\/","title":{"rendered":"Saal (alt)"},"content":{"rendered":"<div id=\"pg-589-0\"  class=\"panel-grid\" ><div class=\"panel-grid-core\"><div id=\"pgc-589-0-0\"  class=\"panel-grid-cell\" ><div class=\"panel-widget-style\" ><p><strong>Raumgr\u00f6\u00dfe:<\/strong> ca. 300 m\u00b2<br \/> <strong>Maximale Personenzahl:<\/strong> 200<br \/><strong>Maximale Personenzahl bestuhlt:<\/strong> 200<br \/> <strong>Preis pro Nutzung:<\/strong><br \/> Konzert, Theater usw.: 40,00 \u20ac pro Stunde zzgl. 19 % MwSt<br \/> Seminare\/Tagungen: Pauschalpreis pro Teilnehmer - N\u00e4here Infos auf <a href=\"http:\/\/musiculum.de\/index.php\/kontakt\/\" target=\"_blank\" rel=\"noopener noreferrer\"><strong>Anfrage<\/strong><\/a><\/p><p><strong>Buchungsanfragen:<\/strong> T.: 0431-666 889-0 oder \u00fcber das <strong><a href=\"http:\/\/musiculum.de\/index.php\/kontakt\/\" target=\"_blank\" rel=\"noopener noreferrer\">Kontaktformular\u00a0<\/a><\/strong><\/p><p><strong>B\u00fchnengr\u00f6\u00dfe:<\/strong><\/p><ul><li>Hintere B\u00fchne (an den Seiten nicht verl\u00e4ngerbar): 5 x 2 x 0,4 m<\/li><li>Vordere B\u00fchne (an den Seiten bei Bedarf verl\u00e4ngerbar): 7 x 2 x 0,2 m<\/li><\/ul><\/div><\/div><div id=\"pgc-589-0-1\"  class=\"panel-grid-cell\" ><div class=\"panel-widget-style\" ><p>Tontechnik:<\/p><ul><li>Mischpult FX 16 II Soundcraft<\/li><li>CD-Player CD-160 II Tascam<\/li><li>2 Lautsprecher MRX 512M incl. Boxenhochst\u00e4nder JBL<\/li><li>BS-2211 Boxenst\u00e4nder 2er Set Millenium<\/li><li>Endstufe Xti 2000 Crown<\/li><li>grafischer EQ 2x31 Band DBX<\/li><li>UHF-Sendeanlage mit 1x NE300D 2x SDM360 Beyerdynamic<\/li><li>2x MF 300A Monitor aktiv Solton<\/li><li>2x Headset mit Sender Sennheiser<\/li><li>Stage Modul S-1608 Roland<\/li><li>Verschiedene Mikrophone auf <a href=\"https:\/\/musiculum.de\/index.php\/kontakt\/\" target=\"_blank\" rel=\"noopener noreferrer\"><strong>Anfrage<\/strong><\/a><\/li><\/ul><\/div><\/div><\/div><\/div><div id=\"pg-589-1\"  class=\"panel-grid\" ><div class=\"panel-grid-core\"><div id=\"pgc-589-1-0\"  class=\"panel-grid-cell\" ><div class=\"panel-widget-style\" ><p><strong>Lichttechnik:<\/strong><\/p><ul><li>Lichtstellpult MA Lightcommander 12\/24 DMX<\/li><li>4x Theaterscheinwerfer ARRI650 Junior plus ARRI<\/li><li>Elation System Bar DMX 6 American DJ<\/li><li>4x LED PAR64 RGBA Eurolite<\/li><li>LED-Scheinwerfer PAR 56 RGB 36x1W<\/li><li>2x UV Flutergeh\u00e4use 60cm\/18W inkl. Leuchtmittel<\/li><\/ul><\/div><\/div><div id=\"pgc-589-1-1\"  class=\"panel-grid-cell\" ><div class=\"panel-widget-style\" ><p>Die Tontechnik im Saal ist fest Installiert. Bei Bedarf kann weiteres Material auf Anfrage \u00fcber externe Partner angemietet werden, hierzu ist die direkte Absprache mit dem musiculum erforderlich. Falls die Tontechnik des musiculums eingesetzt werden soll, muss der Veranstalter einen Techniker bei einem vom musiculum vorgegebenen externen Dienstleister beauftragen. Der Veranstalter kann auch eine eigene Tonanlage mitbringen. Dann entstehen keine weiteren Kosten.\u00a0Die Lichttechnik im Saal ist fest Installiert. Bei Bedarf kann weiteres Material auf Anfrage \u00fcber externe Partner angemietet werden, hierzu ist die direkte Absprache mit dem musiculum erforderlich.<\/p><p><strong>Weiteres Equipment:\u00a0<\/strong><strong>\u00a0<\/strong>AF150 DMX Nebelmaschine Stairville \/\u00a0Beamer<\/p><\/div><\/div><\/div><\/div><div id=\"pg-589-2\"  class=\"panel-grid\" ><div class=\"panel-grid-core\"><div id=\"pgc-589-2-0\"  class=\"panel-grid-cell\" ><div class=\"panel-widget-style\" ><div id='container592_589' style='width:1150px; height:570px; position: relative;'>This content requires HTML5\/CSS3, WebGL, or Adobe Flash Player Version 9 or higher.<\/div><script type='text\/javascript' src='\/wp-content\/uploads\/2016\/10\/Saal_Gesamt_Pano\/pano2vr_player.js'><\/script><script type='text\/javascript' src='\/wp-content\/uploads\/2016\/10\/Saal_Gesamt_Pano\/skin.js'><\/script><script type='text\/javascript'>if (ggHasHtml5Css3D() || ggHasWebGL()) {if  (typeof Saal_Gesamt_Pano_pano2vrPlayer != 'undefined') pano592_589=new Saal_Gesamt_Pano_pano2vrPlayer('container592_589');else pano592_589=new pano2vrPlayer('container592_589');if  (typeof Saal_Gesamt_Pano_pano2vrSkin != 'undefined') skin592_589=new Saal_Gesamt_Pano_pano2vrSkin(pano592_589, '\/wp-content\/uploads\/2016\/10\/Saal_Gesamt_Pano\/\/');else skin592_589=new pano2vrSkin(pano592_589, '\/wp-content\/uploads\/2016\/10\/Saal_Gesamt_Pano\/\/');window.addEventListener('load', function() {pano592_589.readConfigUrlAsync('\/wp-content\/uploads\/2016\/10\/Saal_Gesamt_Pano\/pano.xml');});} else if (swfobject.hasFlashPlayerVersion('10.0.0')) {var flashvars = {};var params = {};function ggXmlReady() { initMap592_589();  };flashvars.externalinterface='1';params.quality = 'high';params.bgcolor = '#ffffff';params.allowscriptaccess = 'sameDomain';params.allowfullscreen = 'true';var attributes = {};attributes.id = 'pano592_589';attributes.name = 'pano592_589';attributes.align = 'middle';flashvars.panoxml= '\/wp-content\/uploads\/2016\/10\/Saal_Gesamt_Pano\/pano.xml';flashvars.skinxml= '\/wp-content\/uploads\/2016\/10\/Saal_Gesamt_Pano\/skin.xml';params.base='\/wp-content\/uploads\/2016\/10\/Saal_Gesamt_Pano\/';swfobject.embedSWF('\/wp-content\/uploads\/2016\/10\/Saal_Gesamt_Pano\/\/pano2vr_player.swf', 'container592_589','1150px', '570px','10.0.0', '',flashvars, params, attributes);}<\/script><noscript><p><b>Please enable Javascript!<\/b><\/p><\/noscript><br>\n<\/div><\/div><\/div><\/div>","protected":false},"excerpt":{"rendered":"<p>Raumgr\u00f6\u00dfe: ca. 300 m\u00b2 Maximale Personenzahl: 200Maximale Personenzahl bestuhlt: 200 Preis pro Nutzung: Konzert, Theater usw.: 40,00 \u20ac pro Stunde zzgl. 19 % MwSt Seminare\/Tagungen: Pauschalpreis pro Teilnehmer &#8211; N\u00e4here Infos auf AnfrageBuchungsanfragen: T.: 0431-666 889-0 oder \u00fcber das Kontaktformular\u00a0B\u00fchnengr\u00f6\u00dfe:Hintere B\u00fchne (an den Seiten nicht verl\u00e4ngerbar): 5 x 2 x 0,4 mVordere B\u00fchne (an den [&hellip;]<\/p>\n","protected":false},"author":1,"featured_media":0,"parent":0,"menu_order":0,"comment_status":"closed","ping_status":"closed","template":"","meta":{"footnotes":""},"categories":[],"tags":[],"class_list":["post-589","page","type-page","status-publish","hentry"],"yoast_head":"<!-- This site is optimized with the Yoast SEO plugin v27.4 - https:\/\/yoast.com\/product\/yoast-seo-wordpress\/ -->\n<title>Saal (alt) - musiculum<\/title>\n<meta name=\"robots\" content=\"index, follow, max-snippet:-1, max-image-preview:large, max-video-preview:-1\" \/>\n<link rel=\"canonical\" href=\"https:\/\/musiculum.de\/index.php\/saal-alt\/\" \/>\n<meta property=\"og:locale\" content=\"de_DE\" \/>\n<meta property=\"og:type\" content=\"article\" \/>\n<meta property=\"og:title\" content=\"Saal (alt) - musiculum\" \/>\n<meta property=\"og:description\" content=\"Raumgr\u00f6\u00dfe: ca. 300 m\u00b2 Maximale Personenzahl: 200Maximale Personenzahl bestuhlt: 200 Preis pro Nutzung: Konzert, Theater usw.: 40,00 \u20ac pro Stunde zzgl. 19 % MwSt Seminare\/Tagungen: Pauschalpreis pro Teilnehmer - N\u00e4here Infos auf AnfrageBuchungsanfragen: T.: 0431-666 889-0 oder \u00fcber das Kontaktformular\u00a0B\u00fchnengr\u00f6\u00dfe:Hintere B\u00fchne (an den Seiten nicht verl\u00e4ngerbar): 5 x 2 x 0,4 mVordere B\u00fchne (an den [&hellip;]\" \/>\n<meta property=\"og:url\" content=\"https:\/\/musiculum.de\/index.php\/saal-alt\/\" \/>\n<meta property=\"og:site_name\" content=\"musiculum\" \/>\n<meta property=\"article:modified_time\" content=\"2020-01-26T09:29:13+00:00\" \/>\n<meta name=\"twitter:card\" content=\"summary_large_image\" \/>\n<script type=\"application\/ld+json\" class=\"yoast-schema-graph\">{\"@context\":\"https:\\\/\\\/schema.org\",\"@graph\":[{\"@type\":\"WebPage\",\"@id\":\"https:\\\/\\\/musiculum.de\\\/index.php\\\/saal-alt\\\/\",\"url\":\"https:\\\/\\\/musiculum.de\\\/index.php\\\/saal-alt\\\/\",\"name\":\"Saal (alt) - musiculum\",\"isPartOf\":{\"@id\":\"https:\\\/\\\/musiculum.de\\\/#website\"},\"datePublished\":\"2016-10-19T10:37:28+00:00\",\"dateModified\":\"2020-01-26T09:29:13+00:00\",\"breadcrumb\":{\"@id\":\"https:\\\/\\\/musiculum.de\\\/index.php\\\/saal-alt\\\/#breadcrumb\"},\"inLanguage\":\"de\",\"potentialAction\":[{\"@type\":\"ReadAction\",\"target\":[\"https:\\\/\\\/musiculum.de\\\/index.php\\\/saal-alt\\\/\"]}]},{\"@type\":\"BreadcrumbList\",\"@id\":\"https:\\\/\\\/musiculum.de\\\/index.php\\\/saal-alt\\\/#breadcrumb\",\"itemListElement\":[{\"@type\":\"ListItem\",\"position\":1,\"name\":\"Startseite\",\"item\":\"https:\\\/\\\/musiculum.de\\\/\"},{\"@type\":\"ListItem\",\"position\":2,\"name\":\"Saal (alt)\"}]},{\"@type\":\"WebSite\",\"@id\":\"https:\\\/\\\/musiculum.de\\\/#website\",\"url\":\"https:\\\/\\\/musiculum.de\\\/\",\"name\":\"musiculum\",\"description\":\"Lern- und Experimentierwerkstatt f\u00fcr Kinder und Jugendliche\",\"potentialAction\":[{\"@type\":\"SearchAction\",\"target\":{\"@type\":\"EntryPoint\",\"urlTemplate\":\"https:\\\/\\\/musiculum.de\\\/?s={search_term_string}\"},\"query-input\":{\"@type\":\"PropertyValueSpecification\",\"valueRequired\":true,\"valueName\":\"search_term_string\"}}],\"inLanguage\":\"de\"}]}<\/script>\n<!-- \/ Yoast SEO plugin. -->","yoast_head_json":{"title":"Saal (alt) - musiculum","robots":{"index":"index","follow":"follow","max-snippet":"max-snippet:-1","max-image-preview":"max-image-preview:large","max-video-preview":"max-video-preview:-1"},"canonical":"https:\/\/musiculum.de\/index.php\/saal-alt\/","og_locale":"de_DE","og_type":"article","og_title":"Saal (alt) - musiculum","og_description":"Raumgr\u00f6\u00dfe: ca. 300 m\u00b2 Maximale Personenzahl: 200Maximale Personenzahl bestuhlt: 200 Preis pro Nutzung: Konzert, Theater usw.: 40,00 \u20ac pro Stunde zzgl. 19 % MwSt Seminare\/Tagungen: Pauschalpreis pro Teilnehmer - N\u00e4here Infos auf AnfrageBuchungsanfragen: T.: 0431-666 889-0 oder \u00fcber das Kontaktformular\u00a0B\u00fchnengr\u00f6\u00dfe:Hintere B\u00fchne (an den Seiten nicht verl\u00e4ngerbar): 5 x 2 x 0,4 mVordere B\u00fchne (an den [&hellip;]","og_url":"https:\/\/musiculum.de\/index.php\/saal-alt\/","og_site_name":"musiculum","article_modified_time":"2020-01-26T09:29:13+00:00","twitter_card":"summary_large_image","schema":{"@context":"https:\/\/schema.org","@graph":[{"@type":"WebPage","@id":"https:\/\/musiculum.de\/index.php\/saal-alt\/","url":"https:\/\/musiculum.de\/index.php\/saal-alt\/","name":"Saal (alt) - musiculum","isPartOf":{"@id":"https:\/\/musiculum.de\/#website"},"datePublished":"2016-10-19T10:37:28+00:00","dateModified":"2020-01-26T09:29:13+00:00","breadcrumb":{"@id":"https:\/\/musiculum.de\/index.php\/saal-alt\/#breadcrumb"},"inLanguage":"de","potentialAction":[{"@type":"ReadAction","target":["https:\/\/musiculum.de\/index.php\/saal-alt\/"]}]},{"@type":"BreadcrumbList","@id":"https:\/\/musiculum.de\/index.php\/saal-alt\/#breadcrumb","itemListElement":[{"@type":"ListItem","position":1,"name":"Startseite","item":"https:\/\/musiculum.de\/"},{"@type":"ListItem","position":2,"name":"Saal (alt)"}]},{"@type":"WebSite","@id":"https:\/\/musiculum.de\/#website","url":"https:\/\/musiculum.de\/","name":"musiculum","description":"Lern- und Experimentierwerkstatt f\u00fcr Kinder und Jugendliche","potentialAction":[{"@type":"SearchAction","target":{"@type":"EntryPoint","urlTemplate":"https:\/\/musiculum.de\/?s={search_term_string}"},"query-input":{"@type":"PropertyValueSpecification","valueRequired":true,"valueName":"search_term_string"}}],"inLanguage":"de"}]}},"_links":{"self":[{"href":"https:\/\/musiculum.de\/index.php\/wp-json\/wp\/v2\/pages\/589","targetHints":{"allow":["GET"]}}],"collection":[{"href":"https:\/\/musiculum.de\/index.php\/wp-json\/wp\/v2\/pages"}],"about":[{"href":"https:\/\/musiculum.de\/index.php\/wp-json\/wp\/v2\/types\/page"}],"author":[{"embeddable":true,"href":"https:\/\/musiculum.de\/index.php\/wp-json\/wp\/v2\/users\/1"}],"replies":[{"embeddable":true,"href":"https:\/\/musiculum.de\/index.php\/wp-json\/wp\/v2\/comments?post=589"}],"version-history":[{"count":5,"href":"https:\/\/musiculum.de\/index.php\/wp-json\/wp\/v2\/pages\/589\/revisions"}],"predecessor-version":[{"id":1928,"href":"https:\/\/musiculum.de\/index.php\/wp-json\/wp\/v2\/pages\/589\/revisions\/1928"}],"wp:attachment":[{"href":"https:\/\/musiculum.de\/index.php\/wp-json\/wp\/v2\/media?parent=589"}],"wp:term":[{"taxonomy":"category","embeddable":true,"href":"https:\/\/musiculum.de\/index.php\/wp-json\/wp\/v2\/categories?post=589"},{"taxonomy":"post_tag","embeddable":true,"href":"https:\/\/musiculum.de\/index.php\/wp-json\/wp\/v2\/tags?post=589"}],"curies":[{"name":"wp","href":"https:\/\/api.w.org\/{rel}","templated":true}]}}

<div id="pg-589-0"  class="panel-grid" ><div class="panel-grid-core"><div id="pgc-589-0-0"  class="panel-grid-cell" ><div class="panel-widget-style" ><p><strong>Raumgröße:</strong> ca. 300 m²<br /> <strong>Maximale Personenzahl:</strong> 200<br /><strong>Maximale Personenzahl bestuhlt:</strong> 200<br /> <strong>Preis pro Nutzung:</strong><br /> Konzert, Theater usw.: 40,00 € pro Stunde zzgl. 19 % MwSt<br /> Seminare/Tagungen: Pauschalpreis pro Teilnehmer - Nähere Infos auf <a href="http://musiculum.de/index.php/kontakt/" target="_blank" rel="noopener noreferrer"><strong>Anfrage</strong></a></p><p><strong>Buchungsanfragen:</strong> T.: 0431-666 889-0 oder über das <strong><a href="http://musiculum.de/index.php/kontakt/" target="_blank" rel="noopener noreferrer">Kontaktformular </a></strong></p><p><strong>Bühnengröße:</strong></p><ul><li>Hintere Bühne (an den Seiten nicht verlängerbar): 5 x 2 x 0,4 m</li><li>Vordere Bühne (an den Seiten bei Bedarf verlängerbar): 7 x 2 x 0,2 m</li></ul></div></div><div id="pgc-589-0-1"  class="panel-grid-cell" ><div class="panel-widget-style" ><p>Tontechnik:</p><ul><li>Mischpult FX 16 II Soundcraft</li><li>CD-Player CD-160 II Tascam</li><li>2 Lautsprecher MRX 512M incl. Boxenhochständer JBL</li><li>BS-2211 Boxenständer 2er Set Millenium</li><li>Endstufe Xti 2000 Crown</li><li>grafischer EQ 2x31 Band DBX</li><li>UHF-Sendeanlage mit 1x NE300D 2x SDM360 Beyerdynamic</li><li>2x MF 300A Monitor aktiv Solton</li><li>2x Headset mit Sender Sennheiser</li><li>Stage Modul S-1608 Roland</li><li>Verschiedene Mikrophone auf <a href="https://musiculum.de/index.php/kontakt/" target="_blank" rel="noopener noreferrer"><strong>Anfrage</strong></a></li></ul></div></div></div></div><div id="pg-589-1"  class="panel-grid" ><div class="panel-grid-core"><div id="pgc-589-1-0"  class="panel-grid-cell" ><div class="panel-widget-style" ><p><strong>Lichttechnik:</strong></p><ul><li>Lichtstellpult MA Lightcommander 12/24 DMX</li><li>4x Theaterscheinwerfer ARRI650 Junior plus ARRI</li><li>Elation System Bar DMX 6 American DJ</li><li>4x LED PAR64 RGBA Eurolite</li><li>LED-Scheinwerfer PAR 56 RGB 36x1W</li><li>2x UV Flutergehäuse 60cm/18W inkl. Leuchtmittel</li></ul></div></div><div id="pgc-589-1-1"  class="panel-grid-cell" ><div class="panel-widget-style" ><p>Die Tontechnik im Saal ist fest Installiert. Bei Bedarf kann weiteres Material auf Anfrage über externe Partner angemietet werden, hierzu ist die direkte Absprache mit dem musiculum erforderlich. Falls die Tontechnik des musiculums eingesetzt werden soll, muss der Veranstalter einen Techniker bei einem vom musiculum vorgegebenen externen Dienstleister beauftragen. Der Veranstalter kann auch eine eigene Tonanlage mitbringen. Dann entstehen keine weiteren Kosten. Die Lichttechnik im Saal ist fest Installiert. Bei Bedarf kann weiteres Material auf Anfrage über externe Partner angemietet werden, hierzu ist die direkte Absprache mit dem musiculum erforderlich.</p><p><strong>Weiteres Equipment: </strong><strong> </strong>AF150 DMX Nebelmaschine Stairville / Beamer</p></div></div></div></div><div id="pg-589-2"  class="panel-grid" ><div class="panel-grid-core"><div id="pgc-589-2-0"  class="panel-grid-cell" ><div class="panel-widget-style" ><div id='container592_589' style='width:1150px; height:570px; position: relative;'>This content requires HTML5/CSS3, WebGL, or Adobe Flash Player Version 9 or higher.</div><script type='text/javascript' src='/wp-content/uploads/2016/10/Saal_Gesamt_Pano/pano2vr_player.js'></script><script type='text/javascript' src='/wp-content/uploads/2016/10/Saal_Gesamt_Pano/skin.js'></script><script type='text/javascript'>if (ggHasHtml5Css3D() || ggHasWebGL()) {if  (typeof Saal_Gesamt_Pano_pano2vrPlayer != 'undefined') pano592_589=new Saal_Gesamt_Pano_pano2vrPlayer('container592_589');else pano592_589=new pano2vrPlayer('container592_589');if  (typeof Saal_Gesamt_Pano_pano2vrSkin != 'undefined') skin592_589=new Saal_Gesamt_Pano_pano2vrSkin(pano592_589, '/wp-content/uploads/2016/10/Saal_Gesamt_Pano//');else skin592_589=new pano2vrSkin(pano592_589, '/wp-content/uploads/2016/10/Saal_Gesamt_Pano//');window.addEventListener('load', function() {pano592_589.readConfigUrlAsync('/wp-content/uploads/2016/10/Saal_Gesamt_Pano/pano.xml');});} else if (swfobject.hasFlashPlayerVersion('10.0.0')) {var flashvars = {};var params = {};function ggXmlReady() { initMap592_589();  };flashvars.externalinterface='1';params.quality = 'high';params.bgcolor = '#ffffff';params.allowscriptaccess = 'sameDomain';params.allowfullscreen = 'true';var attributes = {};attributes.id = 'pano592_589';attributes.name = 'pano592_589';attributes.align = 'middle';flashvars.panoxml= '/wp-content/uploads/2016/10/Saal_Gesamt_Pano/pano.xml';flashvars.skinxml= '/wp-content/uploads/2016/10/Saal_Gesamt_Pano/skin.xml';params.base='/wp-content/uploads/2016/10/Saal_Gesamt_Pano/';swfobject.embedSWF('/wp-content/uploads/2016/10/Saal_Gesamt_Pano//pano2vr_player.swf', 'container592_589','1150px', '570px','10.0.0', '',flashvars, params, attributes);}</script><noscript><p><b>Please enable Javascript!</b></p></noscript><br>
</div></div></div></div>

<p>Raumgröße: ca. 300 m² Maximale Personenzahl: 200Maximale Personenzahl bestuhlt: 200 Preis pro Nutzung: Konzert, Theater usw.: 40,00 € pro Stunde zzgl. 19 % MwSt Seminare/Tagungen: Pauschalpreis pro Teilnehmer &#8211; Nähere Infos auf AnfrageBuchungsanfragen: T.: 0431-666 889-0 oder über das Kontaktformular Bühnengröße:Hintere Bühne (an den Seiten nicht verlängerbar): 5 x 2 x 0,4 mVordere Bühne (an den [&hellip;]</p>

<!-- This site is optimized with the Yoast SEO plugin v27.4 - https://yoast.com/product/yoast-seo-wordpress/ -->
<title>Saal (alt) - musiculum</title>
<meta name="robots" content="index, follow, max-snippet:-1, max-image-preview:large, max-video-preview:-1" />
<link rel="canonical" href="https://musiculum.de/index.php/saal-alt/" />
<meta property="og:locale" content="de_DE" />
<meta property="og:type" content="article" />
<meta property="og:title" content="Saal (alt) - musiculum" />
<meta property="og:description" content="Raumgröße: ca. 300 m² Maximale Personenzahl: 200Maximale Personenzahl bestuhlt: 200 Preis pro Nutzung: Konzert, Theater usw.: 40,00 € pro Stunde zzgl. 19 % MwSt Seminare/Tagungen: Pauschalpreis pro Teilnehmer - Nähere Infos auf AnfrageBuchungsanfragen: T.: 0431-666 889-0 oder über das Kontaktformular Bühnengröße:Hintere Bühne (an den Seiten nicht verlängerbar): 5 x 2 x 0,4 mVordere Bühne (an den [&hellip;]" />
<meta property="og:url" content="https://musiculum.de/index.php/saal-alt/" />
<meta property="og:site_name" content="musiculum" />
<meta property="article:modified_time" content="2020-01-26T09:29:13+00:00" />
<meta name="twitter:card" content="summary_large_image" />
<script type="application/ld+json" class="yoast-schema-graph">{"@context":"https:\/\/schema.org","@graph":[{"@type":"WebPage","@id":"https:\/\/musiculum.de\/index.php\/saal-alt\/","url":"https:\/\/musiculum.de\/index.php\/saal-alt\/","name":"Saal (alt) - musiculum","isPartOf":{"@id":"https:\/\/musiculum.de\/#website"},"datePublished":"2016-10-19T10:37:28+00:00","dateModified":"2020-01-26T09:29:13+00:00","breadcrumb":{"@id":"https:\/\/musiculum.de\/index.php\/saal-alt\/#breadcrumb"},"inLanguage":"de","potentialAction":[{"@type":"ReadAction","target":["https:\/\/musiculum.de\/index.php\/saal-alt\/"]}]},{"@type":"BreadcrumbList","@id":"https:\/\/musiculum.de\/index.php\/saal-alt\/#breadcrumb","itemListElement":[{"@type":"ListItem","position":1,"name":"Startseite","item":"https:\/\/musiculum.de\/"},{"@type":"ListItem","position":2,"name":"Saal (alt)"}]},{"@type":"WebSite","@id":"https:\/\/musiculum.de\/#website","url":"https:\/\/musiculum.de\/","name":"musiculum","description":"Lern- und Experimentierwerkstatt für Kinder und Jugendliche","potentialAction":[{"@type":"SearchAction","target":{"@type":"EntryPoint","urlTemplate":"https:\/\/musiculum.de\/?s={search_term_string}"},"query-input":{"@type":"PropertyValueSpecification","valueRequired":true,"valueName":"search_term_string"}}],"inLanguage":"de"}]}</script>
<!-- / Yoast SEO plugin. -->

Raumgröße: ca. 300 m² Maximale Personenzahl: 200Maximale Personenzahl bestuhlt: 200 Preis pro Nutzung: Konzert, Theater usw.: 40,00 € pro Stunde zzgl. 19 % MwSt Seminare/Tagungen: Pauschalpreis pro Teilnehmer - Nähere Infos auf AnfrageBuchungsanfragen: T.: 0431-666 889-0 oder über das Kontaktformular Bühnengröße:Hintere Bühne (an den Seiten nicht verlängerbar): 5 x 2 x 0,4 mVordere Bühne (an den [&hellip;]

Lern- und Experimentierwerkstatt für Kinder und Jugendliche
