{"id":2811,"date":"2021-02-08T12:57:58","date_gmt":"2021-02-08T11:57:58","guid":{"rendered":"https:\/\/musiculum.de\/?page_id=2811"},"modified":"2021-02-08T12:57:58","modified_gmt":"2021-02-08T11:57:58","slug":"benenne-die-teile-der-trompete","status":"publish","type":"page","link":"https:\/\/musiculum.de\/index.php\/benenne-die-teile-der-trompete\/","title":{"rendered":"Benenne die Teile der Trompete"},"content":{"rendered":"<p>Die Trompete ist das kleinste der Blechblasinstrumente, die alle zur Familie der Lippentoninstrumente z\u00e4hlen.<\/p>\n<p>Sie besteht aus einem ungef\u00e4hr 130 cm langen Metallrohr mit zwei B\u00f6gen, an dessen oberen Ende das <strong>Mundst\u00fcck<\/strong> aufgesteckt wird. In der Mitte des Metallrohrs befinden sich die drei <strong>Ventile<\/strong> mit ihren <strong>Ventilkn\u00f6pfen<\/strong>, die beim Spiel gedr\u00fcckt werden.<\/p>\n<p>Der erste Bogen des Trompetenrohrs ist der <strong>Stimmzug<\/strong>, mit dessen Hilfe die Trompete gestimmt werden kann. Am Stimmzug sitzt unten auch die Wasserklappe. Beim Spielen bildet sich in der Trompete Kondenswasser, das dann \u00fcber die <strong>Wasserklappe<\/strong> wieder rausgepustet werden kann. Das Trompetenrohr m\u00fcndet am unteren Ende in den <strong>Schalltrichter<\/strong>.<\/p>\n<p>Schon die \u00c4gypter vor 3500 Jahren spielten Instrumente, die trompeten\u00e4hnlich aussahen.<\/p>\n<div class=\"h5p-iframe-wrapper\"><iframe id=\"h5p-iframe-30\" class=\"h5p-iframe\" data-content-id=\"30\" style=\"height:1px\" src=\"about:blank\" frameBorder=\"0\" scrolling=\"no\" title=\"Ziehe die W\u00f6rter auf die richtigen Linien\"><\/iframe><\/div>\n","protected":false},"excerpt":{"rendered":"<p>Die Trompete ist das kleinste der Blechblasinstrumente, die alle zur Familie der Lippentoninstrumente z\u00e4hlen. Sie besteht aus einem ungef\u00e4hr 130 cm langen Metallrohr mit zwei B\u00f6gen, an dessen oberen Ende das Mundst\u00fcck aufgesteckt wird. In der Mitte des Metallrohrs befinden sich die drei Ventile mit ihren Ventilkn\u00f6pfen, die beim Spiel gedr\u00fcckt werden. Der erste Bogen [&hellip;]<\/p>\n","protected":false},"author":1,"featured_media":0,"parent":0,"menu_order":0,"comment_status":"closed","ping_status":"closed","template":"","meta":{"footnotes":""},"categories":[],"tags":[],"class_list":["post-2811","page","type-page","status-publish","hentry"],"yoast_head":"<!-- This site is optimized with the Yoast SEO plugin v27.4 - https:\/\/yoast.com\/product\/yoast-seo-wordpress\/ -->\n<title>Benenne die Teile der Trompete - musiculum<\/title>\n<meta name=\"robots\" content=\"index, follow, max-snippet:-1, max-image-preview:large, max-video-preview:-1\" \/>\n<link rel=\"canonical\" href=\"https:\/\/musiculum.de\/index.php\/benenne-die-teile-der-trompete\/\" \/>\n<meta property=\"og:locale\" content=\"de_DE\" \/>\n<meta property=\"og:type\" content=\"article\" \/>\n<meta property=\"og:title\" content=\"Benenne die Teile der Trompete - musiculum\" \/>\n<meta property=\"og:description\" content=\"Die Trompete ist das kleinste der Blechblasinstrumente, die alle zur Familie der Lippentoninstrumente z\u00e4hlen. Sie besteht aus einem ungef\u00e4hr 130 cm langen Metallrohr mit zwei B\u00f6gen, an dessen oberen Ende das Mundst\u00fcck aufgesteckt wird. In der Mitte des Metallrohrs befinden sich die drei Ventile mit ihren Ventilkn\u00f6pfen, die beim Spiel gedr\u00fcckt werden. Der erste Bogen [&hellip;]\" \/>\n<meta property=\"og:url\" content=\"https:\/\/musiculum.de\/index.php\/benenne-die-teile-der-trompete\/\" \/>\n<meta property=\"og:site_name\" content=\"musiculum\" \/>\n<meta name=\"twitter:card\" content=\"summary_large_image\" \/>\n<meta name=\"twitter:label1\" content=\"Gesch\u00e4tzte Lesezeit\" \/>\n\t<meta name=\"twitter:data1\" content=\"1\u00a0Minute\" \/>\n<script type=\"application\/ld+json\" class=\"yoast-schema-graph\">{\"@context\":\"https:\\\/\\\/schema.org\",\"@graph\":[{\"@type\":\"WebPage\",\"@id\":\"https:\\\/\\\/musiculum.de\\\/index.php\\\/benenne-die-teile-der-trompete\\\/\",\"url\":\"https:\\\/\\\/musiculum.de\\\/index.php\\\/benenne-die-teile-der-trompete\\\/\",\"name\":\"Benenne die Teile der Trompete - musiculum\",\"isPartOf\":{\"@id\":\"https:\\\/\\\/musiculum.de\\\/#website\"},\"datePublished\":\"2021-02-08T11:57:58+00:00\",\"breadcrumb\":{\"@id\":\"https:\\\/\\\/musiculum.de\\\/index.php\\\/benenne-die-teile-der-trompete\\\/#breadcrumb\"},\"inLanguage\":\"de\",\"potentialAction\":[{\"@type\":\"ReadAction\",\"target\":[\"https:\\\/\\\/musiculum.de\\\/index.php\\\/benenne-die-teile-der-trompete\\\/\"]}]},{\"@type\":\"BreadcrumbList\",\"@id\":\"https:\\\/\\\/musiculum.de\\\/index.php\\\/benenne-die-teile-der-trompete\\\/#breadcrumb\",\"itemListElement\":[{\"@type\":\"ListItem\",\"position\":1,\"name\":\"Startseite\",\"item\":\"https:\\\/\\\/musiculum.de\\\/\"},{\"@type\":\"ListItem\",\"position\":2,\"name\":\"Benenne die Teile der Trompete\"}]},{\"@type\":\"WebSite\",\"@id\":\"https:\\\/\\\/musiculum.de\\\/#website\",\"url\":\"https:\\\/\\\/musiculum.de\\\/\",\"name\":\"musiculum\",\"description\":\"Lern- und Experimentierwerkstatt f\u00fcr Kinder und Jugendliche\",\"potentialAction\":[{\"@type\":\"SearchAction\",\"target\":{\"@type\":\"EntryPoint\",\"urlTemplate\":\"https:\\\/\\\/musiculum.de\\\/?s={search_term_string}\"},\"query-input\":{\"@type\":\"PropertyValueSpecification\",\"valueRequired\":true,\"valueName\":\"search_term_string\"}}],\"inLanguage\":\"de\"}]}<\/script>\n<!-- \/ Yoast SEO plugin. -->","yoast_head_json":{"title":"Benenne die Teile der Trompete - musiculum","robots":{"index":"index","follow":"follow","max-snippet":"max-snippet:-1","max-image-preview":"max-image-preview:large","max-video-preview":"max-video-preview:-1"},"canonical":"https:\/\/musiculum.de\/index.php\/benenne-die-teile-der-trompete\/","og_locale":"de_DE","og_type":"article","og_title":"Benenne die Teile der Trompete - musiculum","og_description":"Die Trompete ist das kleinste der Blechblasinstrumente, die alle zur Familie der Lippentoninstrumente z\u00e4hlen. Sie besteht aus einem ungef\u00e4hr 130 cm langen Metallrohr mit zwei B\u00f6gen, an dessen oberen Ende das Mundst\u00fcck aufgesteckt wird. In der Mitte des Metallrohrs befinden sich die drei Ventile mit ihren Ventilkn\u00f6pfen, die beim Spiel gedr\u00fcckt werden. Der erste Bogen [&hellip;]","og_url":"https:\/\/musiculum.de\/index.php\/benenne-die-teile-der-trompete\/","og_site_name":"musiculum","twitter_card":"summary_large_image","twitter_misc":{"Gesch\u00e4tzte Lesezeit":"1\u00a0Minute"},"schema":{"@context":"https:\/\/schema.org","@graph":[{"@type":"WebPage","@id":"https:\/\/musiculum.de\/index.php\/benenne-die-teile-der-trompete\/","url":"https:\/\/musiculum.de\/index.php\/benenne-die-teile-der-trompete\/","name":"Benenne die Teile der Trompete - musiculum","isPartOf":{"@id":"https:\/\/musiculum.de\/#website"},"datePublished":"2021-02-08T11:57:58+00:00","breadcrumb":{"@id":"https:\/\/musiculum.de\/index.php\/benenne-die-teile-der-trompete\/#breadcrumb"},"inLanguage":"de","potentialAction":[{"@type":"ReadAction","target":["https:\/\/musiculum.de\/index.php\/benenne-die-teile-der-trompete\/"]}]},{"@type":"BreadcrumbList","@id":"https:\/\/musiculum.de\/index.php\/benenne-die-teile-der-trompete\/#breadcrumb","itemListElement":[{"@type":"ListItem","position":1,"name":"Startseite","item":"https:\/\/musiculum.de\/"},{"@type":"ListItem","position":2,"name":"Benenne die Teile der Trompete"}]},{"@type":"WebSite","@id":"https:\/\/musiculum.de\/#website","url":"https:\/\/musiculum.de\/","name":"musiculum","description":"Lern- und Experimentierwerkstatt f\u00fcr Kinder und Jugendliche","potentialAction":[{"@type":"SearchAction","target":{"@type":"EntryPoint","urlTemplate":"https:\/\/musiculum.de\/?s={search_term_string}"},"query-input":{"@type":"PropertyValueSpecification","valueRequired":true,"valueName":"search_term_string"}}],"inLanguage":"de"}]}},"_links":{"self":[{"href":"https:\/\/musiculum.de\/index.php\/wp-json\/wp\/v2\/pages\/2811","targetHints":{"allow":["GET"]}}],"collection":[{"href":"https:\/\/musiculum.de\/index.php\/wp-json\/wp\/v2\/pages"}],"about":[{"href":"https:\/\/musiculum.de\/index.php\/wp-json\/wp\/v2\/types\/page"}],"author":[{"embeddable":true,"href":"https:\/\/musiculum.de\/index.php\/wp-json\/wp\/v2\/users\/1"}],"replies":[{"embeddable":true,"href":"https:\/\/musiculum.de\/index.php\/wp-json\/wp\/v2\/comments?post=2811"}],"version-history":[{"count":1,"href":"https:\/\/musiculum.de\/index.php\/wp-json\/wp\/v2\/pages\/2811\/revisions"}],"predecessor-version":[{"id":2812,"href":"https:\/\/musiculum.de\/index.php\/wp-json\/wp\/v2\/pages\/2811\/revisions\/2812"}],"wp:attachment":[{"href":"https:\/\/musiculum.de\/index.php\/wp-json\/wp\/v2\/media?parent=2811"}],"wp:term":[{"taxonomy":"category","embeddable":true,"href":"https:\/\/musiculum.de\/index.php\/wp-json\/wp\/v2\/categories?post=2811"},{"taxonomy":"post_tag","embeddable":true,"href":"https:\/\/musiculum.de\/index.php\/wp-json\/wp\/v2\/tags?post=2811"}],"curies":[{"name":"wp","href":"https:\/\/api.w.org\/{rel}","templated":true}]}}