{"id":2378,"date":"2020-12-10T09:15:56","date_gmt":"2020-12-10T08:15:56","guid":{"rendered":"https:\/\/musiculum.de\/?page_id=2378"},"modified":"2025-10-22T07:52:29","modified_gmt":"2025-10-22T05:52:29","slug":"schlagraum","status":"publish","type":"page","link":"https:\/\/musiculum.de\/index.php\/schlagraum\/","title":{"rendered":"Schlagraum"},"content":{"rendered":"<div id=\"pg-2378-0\"  class=\"panel-grid\" ><div class=\"panel-grid-core\"><div id=\"pgc-2378-0-0\"  class=\"panel-grid-cell\" ><div class=\"panel-widget-style\" >\t\t\t<div class=\"textwidget\"><p><strong>Raumgr\u00f6\u00dfe<\/strong>: ca. 65 m\u00b2<br \/>\n<strong>Lage im Geb\u00e4ude:<\/strong> 2. OG<br \/>\n<strong>Mit Fahrstuhl erreichbar:<\/strong> Ja, allerdings muss man den Saal durchqueren<br \/>\n<strong>Maximale Personenzahl mit Tischen regul\u00e4r: <\/strong>10 bis 12<strong><br \/>\nMaximale Personenzahl ohne Tische mit Stuhlkreis:<\/strong> 15<strong><br \/>\n<\/strong><strong>Maximale Personenzahl mit Tischen mit 1,5m Abstand:<\/strong> 6 bis 8<strong><br \/>\nMaximale Personenzahl ohne Tische mit Stuhlkreis und 1,5m Abstand:<\/strong> 10<br \/>\n<strong>Buchungsanfragen:<\/strong> T.: 0431-666 889-0 oder \u00fcber das <a href=\"https:\/\/musiculum.de\/index.php\/kontakt\/\" rel=\"noopener noreferrer\"><strong>Kontaktformular<\/strong><\/a><\/p>\n<\/div>\n\t\t<\/div><\/div><div id=\"pgc-2378-0-1\"  class=\"panel-grid-cell\" ><div class=\"panel-widget-style\" >\t\t\t<div class=\"textwidget\"><p>Der Schlaginstrumentenraum eignet sich gut f\u00fcr Besprechungen, Fortbildungen und Sitzungen. Zudem k\u00f6nnten dort z.B. auch Satzproben von Ch\u00f6ren oder dergleichen durchgef\u00fchrt werden. Der Raum kann auch zus\u00e4tzlich zum Saal als R\u00fcckzugsort f\u00fcr die Arbeit in Kleingruppen gebucht werden. Bei Saalveranstaltungen ist es zudem m\u00f6glich, im Schlaginstrumentenraum das Catering aufzubauen (Snacks, Fingerfood, Getr\u00e4nke).<\/p>\n<\/div>\n\t\t<\/div><\/div><\/div><\/div><div id=\"pg-2378-1\"  class=\"panel-grid\" ><div class=\"panel-grid-core\"><div id=\"pgc-2378-1-0\"  class=\"panel-grid-cell\" ><div class=\"panel-widget-style\" ><p style=\"\"><img decoding=\"async\" src=\"https:\/\/musiculum.de\/wp-content\/uploads\/2020\/12\/schlagraum.jpg\" alt=\"\" style=\"\" \/><\/p><\/div><\/div><div id=\"pgc-2378-1-1\"  class=\"panel-grid-cell\" ><\/div><\/div><\/div>","protected":false},"excerpt":{"rendered":"<p>Raumgr\u00f6\u00dfe: ca. 65 m\u00b2 Lage im Geb\u00e4ude: 2. OG Mit Fahrstuhl erreichbar: Ja, allerdings muss man den Saal durchqueren Maximale Personenzahl mit Tischen regul\u00e4r: 10 bis 12 Maximale Personenzahl ohne Tische mit Stuhlkreis: 15 Maximale Personenzahl mit Tischen mit 1,5m Abstand: 6 bis 8 Maximale Personenzahl ohne Tische mit Stuhlkreis und 1,5m Abstand: 10 Buchungsanfragen: [&hellip;]<\/p>\n","protected":false},"author":1,"featured_media":0,"parent":0,"menu_order":0,"comment_status":"closed","ping_status":"closed","template":"","meta":{"footnotes":""},"categories":[],"tags":[],"class_list":["post-2378","page","type-page","status-publish","hentry"],"yoast_head":"<!-- This site is optimized with the Yoast SEO plugin v27.5 - https:\/\/yoast.com\/product\/yoast-seo-wordpress\/ -->\n<title>Schlagraum - musiculum<\/title>\n<meta name=\"robots\" content=\"index, follow, max-snippet:-1, max-image-preview:large, max-video-preview:-1\" \/>\n<link rel=\"canonical\" href=\"https:\/\/musiculum.de\/index.php\/schlagraum\/\" \/>\n<meta property=\"og:locale\" content=\"de_DE\" \/>\n<meta property=\"og:type\" content=\"article\" \/>\n<meta property=\"og:title\" content=\"Schlagraum - musiculum\" \/>\n<meta property=\"og:description\" content=\"Raumgr\u00f6\u00dfe: ca. 65 m\u00b2 Lage im Geb\u00e4ude: 2. OG Mit Fahrstuhl erreichbar: Ja, allerdings muss man den Saal durchqueren Maximale Personenzahl mit Tischen regul\u00e4r: 10 bis 12 Maximale Personenzahl ohne Tische mit Stuhlkreis: 15 Maximale Personenzahl mit Tischen mit 1,5m Abstand: 6 bis 8 Maximale Personenzahl ohne Tische mit Stuhlkreis und 1,5m Abstand: 10 Buchungsanfragen: [&hellip;]\" \/>\n<meta property=\"og:url\" content=\"https:\/\/musiculum.de\/index.php\/schlagraum\/\" \/>\n<meta property=\"og:site_name\" content=\"musiculum\" \/>\n<meta property=\"article:modified_time\" content=\"2025-10-22T05:52:29+00:00\" \/>\n<meta name=\"twitter:card\" content=\"summary_large_image\" \/>\n<meta name=\"twitter:label1\" content=\"Gesch\u00e4tzte Lesezeit\" \/>\n\t<meta name=\"twitter:data1\" content=\"1\u00a0Minute\" \/>\n<script type=\"application\/ld+json\" class=\"yoast-schema-graph\">{\"@context\":\"https:\\\/\\\/schema.org\",\"@graph\":[{\"@type\":\"WebPage\",\"@id\":\"https:\\\/\\\/musiculum.de\\\/index.php\\\/schlagraum\\\/\",\"url\":\"https:\\\/\\\/musiculum.de\\\/index.php\\\/schlagraum\\\/\",\"name\":\"Schlagraum - musiculum\",\"isPartOf\":{\"@id\":\"https:\\\/\\\/musiculum.de\\\/#website\"},\"datePublished\":\"2020-12-10T08:15:56+00:00\",\"dateModified\":\"2025-10-22T05:52:29+00:00\",\"breadcrumb\":{\"@id\":\"https:\\\/\\\/musiculum.de\\\/index.php\\\/schlagraum\\\/#breadcrumb\"},\"inLanguage\":\"de\",\"potentialAction\":[{\"@type\":\"ReadAction\",\"target\":[\"https:\\\/\\\/musiculum.de\\\/index.php\\\/schlagraum\\\/\"]}]},{\"@type\":\"BreadcrumbList\",\"@id\":\"https:\\\/\\\/musiculum.de\\\/index.php\\\/schlagraum\\\/#breadcrumb\",\"itemListElement\":[{\"@type\":\"ListItem\",\"position\":1,\"name\":\"Startseite\",\"item\":\"https:\\\/\\\/musiculum.de\\\/\"},{\"@type\":\"ListItem\",\"position\":2,\"name\":\"Schlagraum\"}]},{\"@type\":\"WebSite\",\"@id\":\"https:\\\/\\\/musiculum.de\\\/#website\",\"url\":\"https:\\\/\\\/musiculum.de\\\/\",\"name\":\"musiculum\",\"description\":\"Lern- und Experimentierwerkstatt f\u00fcr Kinder und Jugendliche\",\"potentialAction\":[{\"@type\":\"SearchAction\",\"target\":{\"@type\":\"EntryPoint\",\"urlTemplate\":\"https:\\\/\\\/musiculum.de\\\/?s={search_term_string}\"},\"query-input\":{\"@type\":\"PropertyValueSpecification\",\"valueRequired\":true,\"valueName\":\"search_term_string\"}}],\"inLanguage\":\"de\"}]}<\/script>\n<!-- \/ Yoast SEO plugin. -->","yoast_head_json":{"title":"Schlagraum - musiculum","robots":{"index":"index","follow":"follow","max-snippet":"max-snippet:-1","max-image-preview":"max-image-preview:large","max-video-preview":"max-video-preview:-1"},"canonical":"https:\/\/musiculum.de\/index.php\/schlagraum\/","og_locale":"de_DE","og_type":"article","og_title":"Schlagraum - musiculum","og_description":"Raumgr\u00f6\u00dfe: ca. 65 m\u00b2 Lage im Geb\u00e4ude: 2. OG Mit Fahrstuhl erreichbar: Ja, allerdings muss man den Saal durchqueren Maximale Personenzahl mit Tischen regul\u00e4r: 10 bis 12 Maximale Personenzahl ohne Tische mit Stuhlkreis: 15 Maximale Personenzahl mit Tischen mit 1,5m Abstand: 6 bis 8 Maximale Personenzahl ohne Tische mit Stuhlkreis und 1,5m Abstand: 10 Buchungsanfragen: [&hellip;]","og_url":"https:\/\/musiculum.de\/index.php\/schlagraum\/","og_site_name":"musiculum","article_modified_time":"2025-10-22T05:52:29+00:00","twitter_card":"summary_large_image","twitter_misc":{"Gesch\u00e4tzte Lesezeit":"1\u00a0Minute"},"schema":{"@context":"https:\/\/schema.org","@graph":[{"@type":"WebPage","@id":"https:\/\/musiculum.de\/index.php\/schlagraum\/","url":"https:\/\/musiculum.de\/index.php\/schlagraum\/","name":"Schlagraum - musiculum","isPartOf":{"@id":"https:\/\/musiculum.de\/#website"},"datePublished":"2020-12-10T08:15:56+00:00","dateModified":"2025-10-22T05:52:29+00:00","breadcrumb":{"@id":"https:\/\/musiculum.de\/index.php\/schlagraum\/#breadcrumb"},"inLanguage":"de","potentialAction":[{"@type":"ReadAction","target":["https:\/\/musiculum.de\/index.php\/schlagraum\/"]}]},{"@type":"BreadcrumbList","@id":"https:\/\/musiculum.de\/index.php\/schlagraum\/#breadcrumb","itemListElement":[{"@type":"ListItem","position":1,"name":"Startseite","item":"https:\/\/musiculum.de\/"},{"@type":"ListItem","position":2,"name":"Schlagraum"}]},{"@type":"WebSite","@id":"https:\/\/musiculum.de\/#website","url":"https:\/\/musiculum.de\/","name":"musiculum","description":"Lern- und Experimentierwerkstatt f\u00fcr Kinder und Jugendliche","potentialAction":[{"@type":"SearchAction","target":{"@type":"EntryPoint","urlTemplate":"https:\/\/musiculum.de\/?s={search_term_string}"},"query-input":{"@type":"PropertyValueSpecification","valueRequired":true,"valueName":"search_term_string"}}],"inLanguage":"de"}]}},"_links":{"self":[{"href":"https:\/\/musiculum.de\/index.php\/wp-json\/wp\/v2\/pages\/2378","targetHints":{"allow":["GET"]}}],"collection":[{"href":"https:\/\/musiculum.de\/index.php\/wp-json\/wp\/v2\/pages"}],"about":[{"href":"https:\/\/musiculum.de\/index.php\/wp-json\/wp\/v2\/types\/page"}],"author":[{"embeddable":true,"href":"https:\/\/musiculum.de\/index.php\/wp-json\/wp\/v2\/users\/1"}],"replies":[{"embeddable":true,"href":"https:\/\/musiculum.de\/index.php\/wp-json\/wp\/v2\/comments?post=2378"}],"version-history":[{"count":4,"href":"https:\/\/musiculum.de\/index.php\/wp-json\/wp\/v2\/pages\/2378\/revisions"}],"predecessor-version":[{"id":6916,"href":"https:\/\/musiculum.de\/index.php\/wp-json\/wp\/v2\/pages\/2378\/revisions\/6916"}],"wp:attachment":[{"href":"https:\/\/musiculum.de\/index.php\/wp-json\/wp\/v2\/media?parent=2378"}],"wp:term":[{"taxonomy":"category","embeddable":true,"href":"https:\/\/musiculum.de\/index.php\/wp-json\/wp\/v2\/categories?post=2378"},{"taxonomy":"post_tag","embeddable":true,"href":"https:\/\/musiculum.de\/index.php\/wp-json\/wp\/v2\/tags?post=2378"}],"curies":[{"name":"wp","href":"https:\/\/api.w.org\/{rel}","templated":true}]}}